{"id":2,"date":"2022-01-12T18:10:22","date_gmt":"2022-01-12T17:10:22","guid":{"rendered":"http:\/\/prokino.fr\/?page_id=2"},"modified":"2022-09-29T20:29:38","modified_gmt":"2022-09-29T18:29:38","slug":"page-d-exemple","status":"publish","type":"page","link":"https:\/\/prokino.fr\/?page_id=2","title":{"rendered":"Programmation 2022"},"content":{"rendered":"\n<p><\/p>\n\n\n\n<p class=\"has-text-align-center has-text-color has-huge-font-size\" style=\"color:#ff0000\"><strong><span style=\"color:#ff0000\" class=\"has-inline-color\">Femmes \u00e0 l&#8217;image &#8211; Images de femmes<\/span><\/strong><\/p>\n\n\n\n<p class=\"has-text-align-center\"><mark style=\"background-color:rgba(0, 0, 0, 0)\" class=\"has-inline-color has-ast-global-color-5-color\"><em>Tous les films seront pr\u00e9sent\u00e9s en version originale sous titr\u00e9es en fran\u00e7ais<\/em>.<\/mark><\/p>\n\n\n\n<figure class=\"wp-block-table is-style-regular\"><table class=\"has-ast-global-color-6-color has-text-color has-background\" style=\"background-color:#000000\"><thead><tr><th class=\"has-text-align-center\" data-align=\"center\"><\/th><th class=\"has-text-align-center\" data-align=\"center\"><span class=\"has-inline-color has-ast-global-color-5-color\">Lundi<\/span><\/th><th class=\"has-text-align-center\" data-align=\"center\"><span class=\"has-inline-color has-ast-global-color-5-color\">Mardi<\/span><\/th><th class=\"has-text-align-center\" data-align=\"center\"><span class=\"has-inline-color has-ast-global-color-5-color\">Mercredi<\/span><\/th><th class=\"has-text-align-center\" data-align=\"center\"><span class=\"has-inline-color has-ast-global-color-5-color\">Jeudi<\/span><\/th><th class=\"has-text-align-center\" data-align=\"center\"><span class=\"has-inline-color has-ast-global-color-5-color\">Vendredi<\/span><\/th><\/tr><\/thead><tbody><tr><td class=\"has-text-align-center\" data-align=\"center\">10h00<\/td><td class=\"has-text-align-center\" data-align=\"center\"><span style=\"color:#00e1ff\" class=\"has-inline-color\">CM \u2013 5\u00e8me<\/span><br><strong><a rel=\"noreferrer noopener\" href=\"https:\/\/www.youtube.com\/watch?v=srTuDfn0D3Q\" data-type=\"URL\" data-id=\"https:\/\/www.youtube.com\/watch?v=srTuDfn0D3Q\" target=\"_blank\">Alfons Zitterbacke,<br>Das Chaos ist zur\u00fcck<\/a><\/strong><br><span class=\"has-inline-color has-ast-global-color-5-color\"><em>Mark Schlichter<br><\/em>2019 \u2013 92\u2019<\/span><\/td><td class=\"has-text-align-center\" data-align=\"center\"><span style=\"color:#8af593\" class=\"has-inline-color\">AB 3\u00e8me<\/span><br><strong><a rel=\"noreferrer noopener\" href=\"https:\/\/www.youtube.com\/watch?v=X9gEe2elxEo\" data-type=\"URL\" data-id=\"https:\/\/www.youtube.com\/watch?v=X9gEe2elxEo\" target=\"_blank\">Who I am &#8211;<br>Kein System ist <br>sicher<\/a><\/strong><br><span class=\"has-inline-color has-ast-global-color-5-color\"><em>Baran bo Odar<\/em><br>2013-14 \u2013 106\u2018<\/span><\/td><td class=\"has-text-align-center\" data-align=\"center\"><\/td><td class=\"has-text-align-center\" data-align=\"center\"><meta charset=\"utf-8\"><span style=\"color:#00e1ff\" class=\"has-inline-color\">CM \u2013 6\u00e8me<\/span><br><strong><a href=\"https:\/\/www.youtube.com\/watch?v=hgmkwik2lMQ\" data-type=\"URL\" data-id=\"https:\/\/www.youtube.com\/watch?v=hgmkwik2lMQ\" target=\"_blank\" rel=\"noreferrer noopener\">Pettersson &amp; Findus &#8211;<br>Kleiner Qu\u00e4lgeist,<br>grosse Freundschaft<\/a><\/strong><br><em>Ali Samadi Ahadi<\/em><br>2012-14 &#8211; 90\u2019<\/td><td class=\"has-text-align-center\" data-align=\"center\"><meta charset=\"utf-8\"><span style=\"color:#8af593\" class=\"has-inline-color\">3\u00e8me \u2013 SECONDE<\/span><br><strong><a href=\"https:\/\/www.youtube.com\/watch?v=xaZnb-FuejQ\" data-type=\"URL\" data-id=\"https:\/\/www.youtube.com\/watch?v=xaZnb-FuejQ\" target=\"_blank\" rel=\"noreferrer noopener\">Invisible Sue<\/a><\/strong><br><em>Markus Dietrich<\/em><br>2018 \u2013 93\u2018<\/td><\/tr><tr><td class=\"has-text-align-center\" data-align=\"center\">10h00<\/td><td class=\"has-text-align-center\" data-align=\"center\"><span style=\"color:#fe72f2\" class=\"has-inline-color\">CYCLE TERM<\/span><br><strong><a href=\"https:\/\/www.youtube.com\/watch?v=DleXIxbFfpo\" data-type=\"URL\" data-id=\"https:\/\/www.youtube.com\/watch?v=DleXIxbFfpo\" target=\"_blank\" rel=\"noreferrer noopener\">Benni \/<br>Systemsprenger<\/a><\/strong><br><em>Nora Fingscheidt<\/em><br>2019 \u2013 118\u2018<\/td><td class=\"has-text-align-center\" data-align=\"center\"><span style=\"color:#fe72f2\" class=\"has-inline-color\">CYCLE TERM<\/span><br><strong><a href=\"https:\/\/www.youtube.com\/watch?v=v0Ft_IRUxFo\" data-type=\"URL\" data-id=\"https:\/\/www.youtube.com\/watch?v=v0Ft_IRUxFo\" target=\"_blank\" rel=\"noreferrer noopener\">Werk ohne Autor<br>(1. Teil)<\/a><\/strong><br><em>Florian Henckel<br>von Donnersmarck<\/em><br>2019 \u2013 91\u2018<\/td><td class=\"has-text-align-center\" data-align=\"center\"><\/td><td class=\"has-text-align-center\" data-align=\"center\"><meta charset=\"utf-8\"><span style=\"color:#8af593\" class=\"has-inline-color\">4\u00e8me \u2013 SECONDE<\/span><br><strong><a href=\"https:\/\/www.youtube.com\/watch?v=JXWoLYNVKKw\" data-type=\"URL\" data-id=\"https:\/\/www.youtube.com\/watch?v=JXWoLYNVKKw\" target=\"_blank\" rel=\"noreferrer noopener\">Das kalte Herz<\/a><\/strong><br><meta charset=\"utf-8\"><em>Johannes Naber<\/em><br>2016 \u2013 116\u2019<\/td><td class=\"has-text-align-center\" data-align=\"center\"><meta charset=\"utf-8\"><span style=\"color:#fe72f2\" class=\"has-inline-color\">CYCLE TERM<\/span><br><strong><a href=\"https:\/\/www.youtube.com\/watch?v=wZqYbJM3JJc\" data-type=\"URL\" data-id=\"https:\/\/www.youtube.com\/watch?v=wZqYbJM3JJc\" target=\"_blank\" rel=\"noreferrer noopener\">Das finstere Tal<\/a><\/strong><br><em>Andreas Prochaska<\/em><br>2014 \u2013 114&#8242;<\/td><\/tr><tr><td class=\"has-text-align-center\" data-align=\"center\">10h00<\/td><td class=\"has-text-align-center\" data-align=\"center\"><span style=\"color:#8af593\" class=\"has-inline-color\">3\u00e8me\u2013 SECONDE<\/span><br><strong><a href=\"https:\/\/www.youtube.com\/watch?v=oNg1OCFGbr8\" data-type=\"URL\" data-id=\"https:\/\/www.youtube.com\/watch?v=oNg1OCFGbr8\" target=\"_blank\" rel=\"noreferrer noopener\">Als Hitler das Rosa <br>Kannichen Stahl<\/a><\/strong><br><em>Caroline Link<\/em><br>2021 \u2013 119\u2018<\/td><td class=\"has-text-align-center\" data-align=\"center\"><span style=\"color:#fe72f2\" class=\"has-inline-color\">CYCLE TERM<\/span><br><strong><a href=\"https:\/\/www.youtube.com\/watch?v=ClhxDW6Ehmo\" data-type=\"URL\" data-id=\"https:\/\/www.youtube.com\/watch?v=ClhxDW6Ehmo\" target=\"_blank\" rel=\"noreferrer noopener\">Curveball<\/a><\/strong><br><em>Johannes Naber<\/em><br>2020 \u2013 108&#8242;<\/td><td class=\"has-text-align-center\" data-align=\"center\"><\/td><td class=\"has-text-align-center\" data-align=\"center\"><meta charset=\"utf-8\"><span style=\"color:#8af593\" class=\"has-inline-color\">3\u00e8me\u2013 SECONDE<\/span><br><strong><a href=\"https:\/\/www.youtube.com\/watch?v=oNg1OCFGbr8\" data-type=\"URL\" data-id=\"https:\/\/www.youtube.com\/watch?v=oNg1OCFGbr8\" target=\"_blank\" rel=\"noreferrer noopener\">Als Hitler das Rosa <br>Kannichen Stahl<\/a><\/strong><br><em>Caroline Link<\/em><br>2021 \u2013 119\u2018<\/td><td class=\"has-text-align-center\" data-align=\"center\"><meta charset=\"utf-8\"><span style=\"color:#fe72f2\" class=\"has-inline-color\">CYCLE TERM<\/span><br><strong><a href=\"https:\/\/www.youtube.com\/watch?v=FPkz9iuqSEk\" data-type=\"URL\" data-id=\"https:\/\/www.youtube.com\/watch?v=FPkz9iuqSEk\" target=\"_blank\" rel=\"noreferrer noopener\">Die g\u00f6ttliche <\/a><br><a href=\"https:\/\/www.youtube.com\/watch?v=FPkz9iuqSEk\" data-type=\"URL\" data-id=\"https:\/\/www.youtube.com\/watch?v=FPkz9iuqSEk\" target=\"_blank\" rel=\"noreferrer noopener\">Ordnung <\/a><\/strong><a href=\"https:\/\/www.youtube.com\/watch?v=FPkz9iuqSEk\" data-type=\"URL\" data-id=\"https:\/\/www.youtube.com\/watch?v=FPkz9iuqSEk\" target=\"_blank\" rel=\"noreferrer noopener\"><br><\/a><em>Petra Biondina <\/em><br><em>Volpe<\/em><br>2017 \u2013 96\u2019<\/td><\/tr><tr><td class=\"has-text-align-center\" data-align=\"center\">13h30<\/td><td class=\"has-text-align-center\" data-align=\"center\"><span style=\"color:#00e1ff\" class=\"has-inline-color\">CM \u2013 5\u00e8me<\/span><br><strong><a href=\"https:\/\/www.youtube.com\/watch?v=KQkM2Efwaas\" data-type=\"URL\" data-id=\"https:\/\/www.youtube.com\/watch?v=KQkM2Efwaas\" target=\"_blank\" rel=\"noreferrer noopener\">Rico, Oskar und der<br>Diebstahlstein<\/a><\/strong><br><em>Neele Leanavollmar<\/em><br>2016 \u2013 94&#8242;<\/td><td class=\"has-text-align-center\" data-align=\"center\"><span style=\"color:#8af593\" class=\"has-inline-color\">3\u00e8me \u2013 SECONDE<\/span><br><strong><a href=\"https:\/\/www.youtube.com\/watch?v=Th76_ljkOEo\" data-type=\"URL\" data-id=\"https:\/\/www.youtube.com\/watch?v=Th76_ljkOEo\" target=\"_blank\" rel=\"noreferrer noopener\">Cl\u00e9o<\/a><\/strong><br><em>Erick Schmitt<\/em><br>2019- 99\u2018<\/td><td class=\"has-text-align-center\" data-align=\"center\"><\/td><td class=\"has-text-align-center\" data-align=\"center\"><meta charset=\"utf-8\"><span style=\"color:#00e1ff\" class=\"has-inline-color\">CM \u2013 5\u00e8me<\/span><br><strong><a href=\"https:\/\/www.youtube.com\/watch?v=srTuDfn0D3Q\" data-type=\"URL\" data-id=\"https:\/\/www.youtube.com\/watch?v=srTuDfn0D3Q\" target=\"_blank\" rel=\"noreferrer noopener\">Alfons Zitterbacke,<br>Das Chaos ist zur\u00fcck<\/a><\/strong><br><em>Mark Schlichter<br><\/em>2019 \u2013 92\u2019<\/td><td class=\"has-text-align-center\" data-align=\"center\"><meta charset=\"utf-8\"><span style=\"color:#8af593\" class=\"has-inline-color\">3\u00e8me \u2013 SECONDE<\/span><br><strong><a href=\"https:\/\/www.youtube.com\/watch?v=7Sfk4i_wo5k\" data-type=\"URL\" data-id=\"https:\/\/www.youtube.com\/watch?v=7Sfk4i_wo5k\" target=\"_blank\" rel=\"noreferrer noopener\">Glaszimmer<\/a><\/strong><br><em>Christian Lerch<\/em><br>2020 \u2013 94\u2018<\/td><\/tr><tr><td class=\"has-text-align-center\" data-align=\"center\">13h30<\/td><td class=\"has-text-align-center\" data-align=\"center\"><span style=\"color:#fe72f2\" class=\"has-inline-color\">CYCLE TERM<\/span><br><strong><a href=\"https:\/\/www.youtube.com\/watch?v=dzgFHMfOtdw\" data-type=\"URL\" data-id=\"https:\/\/www.youtube.com\/watch?v=dzgFHMfOtdw\" target=\"_blank\" rel=\"noreferrer noopener\">Vier K\u00f6nige<\/a><\/strong><br><em>Theresa von Eltz<\/em><br>2015 \u2013 98&#8242;<\/td><td class=\"has-text-align-center\" data-align=\"center\"><meta charset=\"utf-8\"><span style=\"color:#fe72f2\" class=\"has-inline-color\">CYCLE TERM<\/span><br><strong><a rel=\"noreferrer noopener\" href=\"https:\/\/www.youtube.com\/watch?v=v0Ft_IRUxFo\" data-type=\"URL\" data-id=\"https:\/\/www.youtube.com\/watch?v=v0Ft_IRUxFo\" target=\"_blank\">Werk ohne Autor<br>(2. Teil)<\/a><\/strong><br><em>Florian Henckel<br>von Donnersmarck<\/em><br>2019 \u2013 99\u2018<\/td><td class=\"has-text-align-center\" data-align=\"center\"><\/td><td class=\"has-text-align-center\" data-align=\"center\"><meta charset=\"utf-8\"><span style=\"color:#8af593\" class=\"has-inline-color\">AB 3\u00e8me<\/span><br><strong><a href=\"https:\/\/www.youtube.com\/watch?v=4HZRneBeoT4\" data-type=\"URL\" data-id=\"https:\/\/www.youtube.com\/watch?v=4HZRneBeoT4\" target=\"_blank\" rel=\"noreferrer noopener\">Bornholmer Strasse<\/a><\/strong><br><em>Christian Schwochow<\/em><br>2014 \u2013 88\u2019<\/td><td class=\"has-text-align-center\" data-align=\"center\"><meta charset=\"utf-8\"><span style=\"color:#fe72f2\" class=\"has-inline-color\">CYCLE TERM<\/span><br><strong><a href=\"https:\/\/www.youtube.com\/watch?v=HD0ABeBzx3U\" data-type=\"URL\" data-id=\"https:\/\/www.youtube.com\/watch?v=HD0ABeBzx3U\" target=\"_blank\" rel=\"noreferrer noopener\">Undine<\/a><\/strong><br><em>Christian Petzold<\/em><br>2021 \u2013 98&#8242;<\/td><\/tr><tr><td class=\"has-text-align-center\" data-align=\"center\">13h30<\/td><td class=\"has-text-align-center\" data-align=\"center\"><span style=\"color:#8af593\" class=\"has-inline-color\">4\u00e8me \u2013 SECONDE<\/span><br><strong><a href=\"https:\/\/www.youtube.com\/watch?v=K9TA6tbzxi0\" data-type=\"URL\" data-id=\"https:\/\/www.youtube.com\/watch?v=K9TA6tbzxi0\" target=\"_blank\" rel=\"noreferrer noopener\">Auf Augenh\u00f6he<\/a><br><\/strong><em>Evi Goldbrunner<br><\/em>2015-16 \u2013 99&#8242;<\/td><td class=\"has-text-align-center\" data-align=\"center\"><span style=\"color:#fe72f2\" class=\"has-inline-color\">CYCLE TERM<\/span><br><strong><a href=\"https:\/\/www.youtube.com\/watch?v=pMBC0PiJPs8\" data-type=\"URL\" data-id=\"https:\/\/www.youtube.com\/watch?v=pMBC0PiJPs8\" target=\"_blank\" rel=\"noreferrer noopener\">Oskar und Lily<\/a><\/strong><br><em>Arash T. Riahi<\/em><br>2021 &#8211; 102&#8242;<\/td><td class=\"has-text-align-center\" data-align=\"center\"><\/td><td class=\"has-text-align-center\" data-align=\"center\"><meta charset=\"utf-8\"><span style=\"color:#8af593\" class=\"has-inline-color\">4\u00e8me \u2013 SECONDE<\/span><br><strong><a href=\"https:\/\/www.youtube.com\/watch?v=j692anoC5FY\" data-type=\"URL\" data-id=\"https:\/\/www.youtube.com\/watch?v=j692anoC5FY\" target=\"_blank\" rel=\"noreferrer noopener\">Zu weit weg<\/a><\/strong><br><em>Sarah Winkelstette<\/em><br>2019 \u2013 88\u2018<\/td><td class=\"has-text-align-center\" data-align=\"center\"><meta charset=\"utf-8\"><span style=\"color:#fe72f2\" class=\"has-inline-color\">CYCLE TERM<\/span><br><strong><a href=\"https:\/\/www.youtube.com\/watch?v=ClhxDW6Ehmo\" data-type=\"URL\" data-id=\"https:\/\/www.youtube.com\/watch?v=ClhxDW6Ehmo\" target=\"_blank\" rel=\"noreferrer noopener\">Curveball<\/a><\/strong><br><em>Johannes Naber<\/em><br>2020 \u2013 108&#8242;<\/td><\/tr><tr><td class=\"has-text-align-center\" data-align=\"center\">18h<\/td><td class=\"has-text-align-center\" data-align=\"center\"><strong><a href=\"https:\/\/www.youtube.com\/watch?v=_WZwHhatuRw\" data-type=\"URL\" data-id=\"https:\/\/www.youtube.com\/watch?v=_WZwHhatuRw\" target=\"_blank\" rel=\"noreferrer noopener\">Heimat<br>(1. Partie)<\/a><\/strong><br><em>Edgar Reitz<br><\/em>2013 &#8211; 107&#8242;<\/td><td class=\"has-text-align-center\" data-align=\"center\"><strong><a rel=\"noreferrer noopener\" href=\"https:\/\/www.youtube.com\/watch?v=v0Ft_IRUxFo\" data-type=\"URL\" data-id=\"https:\/\/www.youtube.com\/watch?v=v0Ft_IRUxFo\" target=\"_blank\">Werk ohne Autor<br>(1. Teil)<\/a><\/strong><br><em>Florian Henckel<br>von Donnersmarck<\/em><br>2018 \u2013 91\u2018<\/td><td class=\"has-text-align-center\" data-align=\"center\"><strong><a href=\"https:\/\/www.youtube.com\/watch?v=dzgFHMfOtdw\" data-type=\"URL\" data-id=\"https:\/\/www.youtube.com\/watch?v=dzgFHMfOtdw\" target=\"_blank\" rel=\"noreferrer noopener\">Vier K\u00f6nige<\/a><\/strong><br><em>Theresa von Eltz<\/em><br>2015 \u2013 98&#8242;<\/td><td class=\"has-text-align-center\" data-align=\"center\"><meta charset=\"utf-8\"><strong><a href=\"https:\/\/www.youtube.com\/watch?v=_WZwHhatuRw\" data-type=\"URL\" data-id=\"https:\/\/www.youtube.com\/watch?v=_WZwHhatuRw\" target=\"_blank\" rel=\"noreferrer noopener\">Heimat<br>(2. Partie)<\/a><\/strong><br><em>Edgar Reitz<br><\/em>2013 &#8211; 128&#8242;<\/td><td class=\"has-text-align-center\" data-align=\"center\"><meta charset=\"utf-8\"><strong><a href=\"https:\/\/www.youtube.com\/watch?v=v0Ft_IRUxFo\" data-type=\"URL\" data-id=\"https:\/\/www.youtube.com\/watch?v=v0Ft_IRUxFo\" target=\"_blank\" rel=\"noreferrer noopener\">Werk ohne Autor<br>(2. Teil)<\/a><\/strong><br><em>Florian Henckel<br>von Donnersmarck<\/em><br>2018 \u2013 99\u2018<\/td><\/tr><tr><td class=\"has-text-align-center\" data-align=\"center\">20h30<\/td><td class=\"has-text-align-center\" data-align=\"center\"><strong><a rel=\"noreferrer noopener\" href=\"https:\/\/www.youtube.com\/watch?v=FPkz9iuqSEk\" data-type=\"URL\" data-id=\"https:\/\/www.youtube.com\/watch?v=FPkz9iuqSEk\" target=\"_blank\">Die <\/a><a href=\"https:\/\/www.youtube.com\/watch?v=FPkz9iuqSEk\" data-type=\"URL\" data-id=\"https:\/\/www.youtube.com\/watch?v=FPkz9iuqSEk\" target=\"_blank\" rel=\"noreferrer noopener\">g<\/a><a rel=\"noreferrer noopener\" href=\"https:\/\/www.youtube.com\/watch?v=FPkz9iuqSEk\" data-type=\"URL\" data-id=\"https:\/\/www.youtube.com\/watch?v=FPkz9iuqSEk\" target=\"_blank\">\u00f6ttliche<br>Ordnung<\/a><\/strong><br><em>Petra Biondina<br>Volpe<\/em><br>2017 \u2013 96\u2019<\/td><td class=\"has-text-align-center\" data-align=\"center\"><strong><a href=\"https:\/\/www.youtube.com\/watch?v=Th76_ljkOEo\" data-type=\"URL\" data-id=\"https:\/\/www.youtube.com\/watch?v=Th76_ljkOEo\" target=\"_blank\" rel=\"noreferrer noopener\">Cl\u00e9o<\/a><\/strong><br><em>Erick Schmitt<\/em><br>2019- 99\u2018<\/td><td class=\"has-text-align-center\" data-align=\"center\"><meta charset=\"utf-8\"><strong><a href=\"https:\/\/www.youtube.com\/watch?v=ClhxDW6Ehmo\" data-type=\"URL\" data-id=\"https:\/\/www.youtube.com\/watch?v=ClhxDW6Ehmo\" target=\"_blank\" rel=\"noreferrer noopener\">Curveball<\/a><\/strong><br><em>Johannes Naber<\/em><br>2020 \u2013 108&#8242;<\/td><td class=\"has-text-align-center\" data-align=\"center\"><strong><a href=\"https:\/\/www.youtube.com\/watch?v=ltrC1UACVoo\" data-type=\"URL\" data-id=\"https:\/\/www.youtube.com\/watch?v=ltrC1UACVoo\" target=\"_blank\" rel=\"noreferrer noopener\">Supa Modo<\/a><\/strong><br><em>Likarion Wainaina<\/em><br>2019 &#8211; 74&#8242;<\/td><td class=\"has-text-align-center\" data-align=\"center\"><meta charset=\"utf-8\"><strong><a href=\"https:\/\/www.youtube.com\/watch?v=HD0ABeBzx3U\" data-type=\"URL\" data-id=\"https:\/\/www.youtube.com\/watch?v=HD0ABeBzx3U\" target=\"_blank\" rel=\"noreferrer noopener\">Undine<\/a><\/strong><br><em>Christian Petzold<\/em><br>2021 \u2013 98&#8242;<\/td><\/tr><\/tbody><\/table><\/figure>\n","protected":false},"excerpt":{"rendered":"<p>Femmes \u00e0 l&#8217;image &#8211; Images de femmes Tous les films seront pr\u00e9sent\u00e9s en version originale sous titr\u00e9es en fran\u00e7ais. Lundi Mardi Mercredi Jeudi Vendredi 10h00 CM \u2013 5\u00e8meAlfons Zitterbacke,Das Chaos ist zur\u00fcckMark Schlichter2019 \u2013 92\u2019 AB 3\u00e8meWho I am &#8211;Kein System ist sicherBaran bo Odar2013-14 \u2013 106\u2018 CM \u2013 6\u00e8mePettersson &amp; Findus &#8211;Kleiner Qu\u00e4lgeist,grosse FreundschaftAli [&hellip;]<\/p>\n","protected":false},"author":1,"featured_media":0,"parent":0,"menu_order":0,"comment_status":"closed","ping_status":"open","template":"","meta":{"site-sidebar-layout":"default","site-content-layout":"","ast-site-content-layout":"default","site-content-style":"default","site-sidebar-style":"default","ast-global-header-display":"","ast-banner-title-visibility":"","ast-main-header-display":"","ast-hfb-above-header-display":"","ast-hfb-below-header-display":"","ast-hfb-mobile-header-display":"","site-post-title":"","ast-breadcrumbs-content":"","ast-featured-img":"","footer-sml-layout":"","theme-transparent-header-meta":"","adv-header-id-meta":"","stick-header-meta":"","header-above-stick-meta":"","header-main-stick-meta":"","header-below-stick-meta":"","astra-migrate-meta-layouts":"default","ast-page-background-enabled":"default","ast-page-background-meta":{"desktop":{"background-color":"var(--ast-global-color-4)","background-image":"","background-repeat":"repeat","background-position":"center center","background-size":"auto","background-attachment":"scroll","background-type":"","background-media":"","overlay-type":"","overlay-color":"","overlay-opacity":"","overlay-gradient":""},"tablet":{"background-color":"","background-image":"","background-repeat":"repeat","background-position":"center center","background-size":"auto","background-attachment":"scroll","background-type":"","background-media":"","overlay-type":"","overlay-color":"","overlay-opacity":"","overlay-gradient":""},"mobile":{"background-color":"","background-image":"","background-repeat":"repeat","background-position":"center center","background-size":"auto","background-attachment":"scroll","background-type":"","background-media":"","overlay-type":"","overlay-color":"","overlay-opacity":"","overlay-gradient":""}},"ast-content-background-meta":{"desktop":{"background-color":"var(--ast-global-color-5)","background-image":"","background-repeat":"repeat","background-position":"center center","background-size":"auto","background-attachment":"scroll","background-type":"","background-media":"","overlay-type":"","overlay-color":"","overlay-opacity":"","overlay-gradient":""},"tablet":{"background-color":"var(--ast-global-color-5)","background-image":"","background-repeat":"repeat","background-position":"center center","background-size":"auto","background-attachment":"scroll","background-type":"","background-media":"","overlay-type":"","overlay-color":"","overlay-opacity":"","overlay-gradient":""},"mobile":{"background-color":"var(--ast-global-color-5)","background-image":"","background-repeat":"repeat","background-position":"center center","background-size":"auto","background-attachment":"scroll","background-type":"","background-media":"","overlay-type":"","overlay-color":"","overlay-opacity":"","overlay-gradient":""}},"footnotes":""},"class_list":["post-2","page","type-page","status-publish","hentry"],"_links":{"self":[{"href":"https:\/\/prokino.fr\/index.php?rest_route=\/wp\/v2\/pages\/2","targetHints":{"allow":["GET"]}}],"collection":[{"href":"https:\/\/prokino.fr\/index.php?rest_route=\/wp\/v2\/pages"}],"about":[{"href":"https:\/\/prokino.fr\/index.php?rest_route=\/wp\/v2\/types\/page"}],"author":[{"embeddable":true,"href":"https:\/\/prokino.fr\/index.php?rest_route=\/wp\/v2\/users\/1"}],"replies":[{"embeddable":true,"href":"https:\/\/prokino.fr\/index.php?rest_route=%2Fwp%2Fv2%2Fcomments&post=2"}],"version-history":[{"count":12,"href":"https:\/\/prokino.fr\/index.php?rest_route=\/wp\/v2\/pages\/2\/revisions"}],"predecessor-version":[{"id":132,"href":"https:\/\/prokino.fr\/index.php?rest_route=\/wp\/v2\/pages\/2\/revisions\/132"}],"wp:attachment":[{"href":"https:\/\/prokino.fr\/index.php?rest_route=%2Fwp%2Fv2%2Fmedia&parent=2"}],"curies":[{"name":"wp","href":"https:\/\/api.w.org\/{rel}","templated":true}]}}